factor of 170 and 110?
10
What is the greatest common factor of 6 and 21?
3
What is the highest common factor of 280 and 1750?
70
Calculate the greatest common factor of 8249 and 219.
73
Calculate the greatest common factor of 54 and 459.
27
What is the greatest common factor of 5396 and 57?
19
Calculate the greatest common divisor of 12 and 148.
4
Calculate the highest common factor of 936 and 276.
12
What is the greatest common divisor of 1071 and 504?
63
Calculate the highest common factor of 18 and 174.
6
Calculate the highest common divisor of 25 and 1.
1
What is the highest common divisor of 1860 and 155?
155
Calculate the greatest common factor of 100 and 280.
20
Calculate the highest common factor of 11 and 8129.
11
Calculate the highest common divisor of 2061 and 9.
9
What is the greatest common factor of 273 and 65?
13
What is the greatest common divisor of 4550 and 140?
70
What is the greatest common divisor of 15367 and 44?
11
Calculate the greatest common divisor of 182 and 21.
7
What is the highest common divisor of 60 and 19164?
12
What is the greatest common factor of 31 and 21173?
31
Calculate the greatest common divisor of 51648 and 192.
192
What is the greatest common factor of 32 and 8?
8
Calculate the highest common factor of 70 and 14.
14
What is the highest common factor of 60 and 90?
30
Calculate the highest common divisor of 144 and 32.
16
Calculate the highest common factor of 177 and 295.
59
What is the greatest common divisor of 2891 and 59?
59
Calculate the highest common divisor of 4459 and 13.
13
What is the greatest common divisor of 1738 and 22?
22
Calculate the greatest common factor of 1 and 53.
1
What is the highest common factor of 71910 and 30?
30
What is the highest common factor of 12 and 972?
12
Calculate the highest common divisor of 13 and 169.
13
What is the greatest common factor of 156 and 36?
12
What is the highest common divisor of 4609 and 11?
11
What is the greatest common factor of 414 and 299?
23
What is the greatest common divisor of 1357 and 759?
23
Calculate the highest common divisor of 70 and 5360.
10
What is the greatest common divisor of 63 and 6?
3
Calculate the highest common factor of 4 and 8.
4
What is the greatest common factor of 200 and 75?
25
What is the highest common divisor of 43 and 1376?
43
What is the highest common divisor of 84 and 189?
21
What is the greatest common divisor of 30 and 156?
6
What is the greatest common divisor of 217 and 310?
31
Calculate the greatest common factor of 582 and 4462.
194
What is the greatest common factor of 6063 and 1419?
129
What is the greatest common factor of 36 and 900?
36
Calculate the highest common divisor of 198 and 54.
18
Calculate the highest common factor of 55 and 40.
5
What is the greatest common factor of 150 and 975?
75
What is the highest common factor of 24263 and 19?
19
What is the greatest common divisor of 49 and 49?
49
What is the highest common factor of 36 and 1236?
12
What is the highest common factor of 48 and 3?
3
What is the highest common factor of 75310 and 170?
170
Calculate the highest common divisor of 288 and 486.
18
What is the greatest common factor of 1537 and 371?
53
What is the highest common factor of 94 and 47?
47
Calculate the highest common factor of 918 and 216.
54
Calculate the highest common divisor of 122 and 6527.
61
What is the highest common factor of 5632 and 48?
16
Calculate the greatest common divisor of 26 and 25818.
26
What is the greatest common divisor of 11 and 5?
1
Calculate the highest common divisor of 1248 and 273.
39
Calculate the greatest common factor of 11896 and 8.
8
Calculate the greatest common divisor of 3348 and 124.
124
Calculate the highest common factor of 87 and 232.
29
What is the greatest common divisor of 493 and 544?
17
Calculate the highest common factor of 1299 and 3.
3
What is the greatest common factor of 324 and 4?
4
Calculate the highest common factor of 565 and 20.
5
Calculate the highest common factor of 20 and 6.
2
What is the greatest common factor of 25 and 9725?
25
What is the highest common divisor of 50 and 2?
2
What is the highest common factor of 792 and 828?
36
What is the greatest common factor of 90 and 8010?
90
Calculate the highest common factor of 50 and 4.
2
What is the highest common factor of 595 and 70?
35
Calculate the highest common divisor of 19 and 2489.
19
Calculate the greatest common divisor of 138 and 24.
6
Calculate the highest common factor of 156 and 868.
4
What is the highest common divisor of 6364 and 172?
172
Calculate the greatest common divisor of 2665 and 65.
65
Calculate the highest common factor of 145 and 203.
29
Calculate the highest common divisor of 34 and 4250.
34
Calculate the highest common factor of 4 and 1132.
4
Calculate the greatest common factor of 35 and 3255.
35
Calculate the greatest common divisor of 4 and 162.
2
Calculate the highest common divisor of 1161 and 1075.
43
What is the highest common factor of 85 and 17425?
85
What is the greatest common divisor of 22 and 682?
22
Calculate the highest common factor of 315 and 567.
63
Calculate the greatest common factor of 588 and 24.
12
Calculate the highest common factor of 262 and 2.
2
Calculate the highest common factor of 37912 and 56.
56
Calculate the greatest common divisor of 10511 and 23.
23
What is the highest common factor of 4 and 404?
4
Calculate the greatest common factor of 92 and 828.
92
Calculate the highest common factor of 25 and 575.
25
What is the highest common factor of 152 and 342?
38
What is the greatest common divisor of 24 and 3?
3
Calculate the highest common factor of 1620 and 48.
12
What is the highest common divisor of 390 and 90?
30
What is the greatest common divisor of 24 and 186?
6
Calculate the highest common divisor of 510 and 45.
15
Calculate the highest common factor of 69 and 6187.
23
Calculate the highest common divisor of 44 and 99.
11
Calculate the highest common factor of 357 and 567.
21
What is the greatest common factor of 332 and 12118?
166
What is the greatest common factor of 100 and 28?
4
What is the greatest common factor of 18 and 171?
9
Calculate the greatest common factor of 22 and 2013.
11
What is the highest common divisor of 156 and 168?
12
What is the greatest common factor of 814 and 370?
74
Calculate the highest common divisor of 31 and 899.
31
What is the highest common factor of 44 and 12518?
22
What is the greatest common divisor of 168 and 32?
8
What is the highest common divisor of 115 and 185?
5
Calculate the greatest common divisor of 1312 and 369.
41
Calculate the greatest common divisor of 50 and 725.
25
Calculate the greatest common factor of 80 and 5.
5
Calculate the greatest common factor of 42 and 315.
21
What is the highest common divisor of 84 and 84?
84
What is the greatest common divisor of 3765 and 120?
15
What is the highest common divisor of 61 and 61?
61
What is the highest common factor of 24 and 57108?
12
Calculate the greatest common divisor of 315 and 35.
35
Calculate the highest common factor of 49 and 2471.
7
What is the greatest common divisor of 15097 and 31?
31
What is the highest common divisor of 170 and 765?
85
Calculate the greatest common divisor of 285 and 228.
57
Calculate the greatest common divisor of 78 and 2054.
26
Calculate the greatest common divisor of 1088 and 8.
8
What is the highest common divisor of 915 and 15?
15
Calculate the greatest common divisor of 6980 and 20.
20
Calculate the highest common factor of 125 and 675.
25
Calculate the greatest common divisor of 7360 and 460.
460
Calculate the highest common factor of 625 and 375.
125
What is the greatest common factor of 3615 and 90?
15
What is the highest common factor of 4 and 272?
4
Calculate the greatest common factor of 720 and 855.
45
Calculate the greatest common factor of 12 and 54.
6
Calculate the greatest common factor of 240 and 792.
24
What is the greatest common divisor of 104 and 21008?
104
What is the greatest common divisor of 56 and 184?
8
Calculate the highest common divisor of 242 and 110.
22
Calculate the highest common divisor of 90 and 6030.
90
What is the highest common factor of 7 and 203?
7
Calculate the highest common factor of 125 and 9125.
125
Calculate the great